et s be o(-5). Let t be (s/4)/((-1)/16). Calculate the highest common divisor of 50 and t.
10
Let y = -97 - -109. Calculate the highest common divisor of 60 and y.
12
Let t(a) = 28*a + 3. Let z be t(2). What is the highest common divisor of z and 295?
59
Suppose -7*f + 12 + 2 = 0. Calculate the greatest common divisor of f and 8.
2
Let y(p) be the first derivative of 1 + 1 - 2*p**2 + 6*p**2 - p**2. Let d be y(1). Calculate the greatest common divisor of 3 and d.
3
Suppose 2*c + 0*m - 34 = 3*m, 2*m = 0. Suppose -4*u = -6*u + 374. Calculate the greatest common divisor of c and u.
17
Suppose -20 = -3*n - 2*r + 3*r, -3*n = -5*r - 4. Suppose 2*t - 5*b + 2*b = 27, 5*b = -2*t + 19. What is the highest common factor of n and t?
4
Suppose -3*a + 33 = -0*a. Let d be (-1)/(-3)*(-5 + a). Let y be (d - 10/6)*12. Calculate the highest common factor of 4 and y.
4
Let z(v) = v**2 + 7*v - 5. Let l(w) = w**2 + 6*w - 6. Let o(y) = 2*l(y) - 3*z(y). Let j be o(-8). Let x = j + -7. What is the highest common factor of 36 and x?
4
Let y(v) = 8*v - 18. Let r be y(7). Let d = 21 + 74. What is the greatest common divisor of r and d?
19
Suppose 0 = -8*x + 4*x + 88. Calculate the greatest common divisor of 55 and x.
11
Let l(i) = i**2 + 8*i + 4. Suppose 16 = y - 3*y. Let h be l(y). Suppose c + 4*x = 5*c - 60, -3*c + 46 = -h*x. Calculate the greatest common divisor of 14 and c.
14
Suppose 3*v = -5*o - 0*v + 72, -4*o - 4*v = -64. Let p = o + -2. Calculate the greatest common divisor of p and 40.
10
Suppose 4*g - 90 = -a, -g = -2*a + g + 210. Suppose -2*u + 2*o + a = 6*o, 3*u = 3*o + 126. What is the highest common factor of 9 and u?
9
Suppose 2*f - 50 - 36 = 0. Suppose -4*z + 245 = -f. What is the highest common factor of z and 8?
8
Suppose 4*d + 32 = -5*r + 222, -205 = -5*r - d. Suppose 2*w - 5 = 37. What is the greatest common factor of r and w?
21
Let h be 48/9*(-9)/(-2). Calculate the greatest common divisor of h and 12.
12
Suppose -2*p - 3*t + 37 = 0, 0 = 2*p - p + t - 16. Suppose -5*s - 25 = 0, 3*s - 95 = -5*w + 110. What is the greatest common divisor of w and p?
11
Suppose -2*c = -50 + 16. Let f = -41 + c. Let t = f + 46. Calculate the highest common factor of 2 and t.
2
Let v(i) = i + 3. Let l be 16/(-12)*3 + 18. Let w be v(l). What is the highest common factor of 17 and w?
17
Suppose 5*s + 0*r + 3*r = 845, 0 = -3*r. Calculate the greatest common factor of 13 and s.
13
Suppose -13 + 7 = -3*r. Let o(c) = 3*c**3 - 2*c**2 - c + 1. Let l be o(r). Calculate the highest common factor of 60 and l.
15
Suppose -h + 42 = -2*m + 5*m, -126 = -3*h - 2*m. What is the highest common divisor of h and 63?
21
Suppose -5*c + 22 = -w + 2*w, 0 = 4*c + 4*w - 8. Let k = c - 1. Suppose k*n + d - 48 = 4*d, -3*n = 3*d - 36. Calculate the greatest common divisor of 8 and n.
4
Let g(r) = -6*r - 8. Let m be (-54)/(-12)*8/(-3). Let j be g(m). Calculate the highest common divisor of j and 8.
8
Let d = 78 + -63. Calculate the greatest common factor of d and 5.
5
Let v(d) = -d**3 - 8*d**2 - 16*d - 23. Let i be v(-6). What is the highest common divisor of i and 23?
1
Let s(h) = 3*h + 30. Let d be s(-6). Calculate the highest common divisor of d and 132.
12
Let l be -4*(-11 - (4 - 7)). Calculate the highest common factor of l and 24.
8
Let p(v) = -v - 2. Let h be p(-4). Let x be (-30)/4 + 1/h. Let k(n) = n**2 + 6*n + 8. Let s be k(x). Calculate the highest common factor of 15 and s.
15
Let l = 33 + -19. Let k(h) = h**3 + 9*h**2 + 4*h - 13. Let j be k(-9). Let r = j - -70. Calculate the highest common factor of r and l.
7
Let l = 52 + -30. Calculate the highest common factor of l and 2.
2
Let f(j) = -j + 18 - 23 - 2*j + 10. Let n be f(-4). Calculate the highest common divisor of n and 17.
17
Suppose -3*d = -38 + 5. Calculate the greatest common factor of 1 and d.
1
Suppose 3*w + 4*c - 21 = 0, -5*c = 3*w - 0*c - 24. Let l(z) = 4 + 2 + w*z - 4. Let j be l(5). What is the greatest common factor of j and 85?
17
Let k(f) = f**2 + 13*f + 20. Let t be k(-12). Let c be 3/(-2)*6/(-9). Calculate the highest common factor of c and t.
1
Let k = 17 - 2. What is the greatest common divisor of k and 15?
15
Suppose 3*b - 10 = 53. Calculate the highest common factor of b and 7.
7
Let y(j) = -j**2 + 9*j - 2. Suppose -2*w + h + 2*h + 10 = 0, 34 = 3*w + 5*h. Let a be y(w). What is the highest common factor of 30 and a?
6
Let t = -5 + 10. Suppose -6*d + 4*d - k + 17 = 0, -5*k = -5. Suppose -d = -t*g + 3*z + 47, 5*z + 33 = g. What is the highest common factor of g and 40?
8
Let i = 60 - 42. What is the highest common divisor of 126 and i?
18
Let o(j) = j**3 - 7*j**2 + 8*j + 1. Let m be o(6). Let h be (-60)/(-260) - (-1856)/13. What is the highest common divisor of h and m?
13
Suppose -3*n - 3*d = -132, 5*n - 3*d = 29 + 159. Let l = n + -24. Suppose 4 + 28 = k. What is the greatest common factor of l and k?
16
Suppose -4*n + 67 = 247. Let k = 63 + n. What is the greatest common factor of k and 198?
18
Let k = 90 + 30. What is the greatest common divisor of 15 and k?
15
Let i(k) = -k**3 - 3*k**2 + 6*k - 5. Let w be 1 + -8 + (-6)/(-3). Let j be i(w). Let y = j - 3. What is the greatest common factor of 60 and y?
12
Let f = -17 - -29. Let q(k) = -k**2 + 22*k - 57. Let r be q(15). What is the highest common factor of f and r?
12
Suppose 78 = -5*x - 4*w, -2*w + 72 - 12 = -3*x. Let r be 2/9 + (-32)/x. Suppose r*i + 20 = 4*i. Calculate the highest common divisor of 80 and i.
10
Suppose 4*m = -3*u + 379, 5*m - 4*u + 262 - 697 = 0. What is the highest common divisor of 13 and m?
13
Let x(l) = -l**3 + 12*l**2 - 20*l + 10. Let i be x(10). Let p(n) = -49*n**3 + 2*n**2 - 1. Let u be p(-1). Calculate the highest common divisor of i and u.
10
Let l = 244 + -131. Let x = l + -234. Let d = 275 + x. What is the greatest common factor of d and 22?
22
Let o(s) = -108*s**3 - s**2 + s + 2. Let f be o(-1). What is the greatest common factor of 12 and f?
12
Let y(x) = x**3 + 16*x**2 + 11*x + 12. Let w be y(-15). What is the highest common factor of w and 9?
9
Let a = 360 - 96. Calculate the highest common factor of 24 and a.
24
Suppose 10 = -f + 2*f. Suppose 4*i + 2*o + f = -2, 5*o = i - 19. Let r be ((-1)/i)/((-4)/(-52)). What is the highest common divisor of 91 and r?
13
Let n be (-6)/(-4) - (-14)/4. Suppose -2*m - n = -c - 13, c + 5 = m. Let o be -4 - -6 - (-1 - m). Calculate the highest common divisor of o and 6.
6
Suppose -5*t + 1951 = 4*b, 4*b - 2*b = t - 379. What is the greatest common divisor of t and 43?
43
Suppose -3*k + 0*k = 5*q - 97, -5*k + 165 = 5*q. Calculate the greatest common divisor of k and 34.
34
Let y = 123 + -43. Let t = 3 - 2. Let x be 0 + (16 - 0/t). Calculate the greatest common divisor of y and x.
16
Let f(k) = k + 6 + 1 + 1. Let j be f(-5). Calculate the greatest common divisor of j and 1.
1
Let d be (-1)/5 - (-4804)/20. Suppose -4*j + j = -d. What is the highest common factor of 10 and j?
10
Let x(d) = d**2 + 2*d + 1. Let c = 5 + -2. Let g be x(c). What is the greatest common divisor of 128 and g?
16
Let b(x) = -2*x + 5. Let i be b(-8). What is the highest common factor of i and 21?
21
Suppose 0 = -3*c + 6*c - 27. Calculate the highest common divisor of 18 and c.
9
Suppose -3 = 2*i + 5, 3*b = i + 94. Calculate the highest common divisor of b and 12.
6
Suppose 7*x - 133 = 91. Suppose -17 = -4*n - 1. Let m be (n*2)/(1 - 0). Calculate the highest common divisor of m and x.
8
Suppose 4*n - 10*n = -24. What is the highest common divisor of 2 and n?
2
Let q(u) = -6*u - 37. Let w be q(-8). Calculate the highest common divisor of 33 and w.
11
Let w(j) = -j - 5. Let x be w(-8). Suppose 0 = 5*i + x*p - 5, -4*i + 15 = i + p. What is the highest common factor of i and 6?
2
Suppose -6*s = -2*s - 8. Let j be 37/s + (-3)/(-6). Suppose 3*c - 4*c + 98 = f, -3*c - 371 = -4*f. What is the greatest common divisor of j and f?
19
Let q be (-3)/1 - (1 + -54). Calculate the greatest common factor of q and 25.
25
Let v(j) = 13 + 4*j**2 + 3*j**2 + 8*j - 7*j**2 + j**2. Let w be v(-6). Calculate the highest common factor of 5 and w.
1
Let z(g) = 4*g - 4. Let k be z(3). Suppose 2*x - 17 + 1 = -2*s, -3*x + 6 = -3*s. Suppose x*o - 33 = 7. Calculate the greatest common factor of k and o.
8
Let k(n) = n**3 + n + 84. Let s be k(0). Calculate th